remainder when 227 is divided by 94?
39
What is the remainder when 528 is divided by 70?
38
What is the remainder when 42 is divided by 12?
6
Calculate the remainder when 124 is divided by 65.
59
Calculate the remainder when 497 is divided by 248.
1
Calculate the remainder when 1345 is divided by 19.
15
What is the remainder when 142 is divided by 51?
40
Calculate the remainder when 2820 is divided by 17.
15
What is the remainder when 86518 is divided by 12?
10
What is the remainder when 892 is divided by 106?
44
Calculate the remainder when 1745 is divided by 216.
17
What is the remainder when 318 is divided by 312?
6
Calculate the remainder when 134 is divided by 45.
44
Calculate the remainder when 1679 is divided by 284.
259
What is the remainder when 725 is divided by 66?
65
Calculate the remainder when 135 is divided by 69.
66
Calculate the remainder when 589 is divided by 570.
19
Calculate the remainder when 989 is divided by 53.
35
Calculate the remainder when 1104 is divided by 74.
68
What is the remainder when 77 is divided by 71?
6
What is the remainder when 321 is divided by 157?
7
What is the remainder when 197 is divided by 50?
47
What is the remainder when 52 is divided by 20?
12
Calculate the remainder when 32306 is divided by 363.
362
Calculate the remainder when 282 is divided by 96.
90
What is the remainder when 415 is divided by 27?
10
What is the remainder when 132 is divided by 30?
12
What is the remainder when 857 is divided by 86?
83
Calculate the remainder when 71 is divided by 15.
11
Calculate the remainder when 298 is divided by 76.
70
What is the remainder when 1377 is divided by 138?
135
What is the remainder when 2284 is divided by 758?
10
Calculate the remainder when 2999 is divided by 91.
87
Calculate the remainder when 6391 is divided by 36.
19
Calculate the remainder when 245 is divided by 64.
53
What is the remainder when 863 is divided by 144?
143
Calculate the remainder when 654 is divided by 47.
43
What is the remainder when 148 is divided by 142?
6
What is the remainder when 7972 is divided by 28?
20
Calculate the remainder when 29 is divided by 24.
5
Calculate the remainder when 293 is divided by 109.
75
Calculate the remainder when 231 is divided by 54.
15
What is the remainder when 297 is divided by 60?
57
Calculate the remainder when 76 is divided by 28.
20
What is the remainder when 164 is divided by 46?
26
Calculate the remainder when 143 is divided by 18.
17
What is the remainder when 2834 is divided by 27?
26
Calculate the remainder when 1716 is divided by 24.
12
What is the remainder when 572 is divided by 548?
24
What is the remainder when 427 is divided by 48?
43
Calculate the remainder when 605 is divided by 77.
66
What is the remainder when 2698 is divided by 298?
16
Calculate the remainder when 243 is divided by 62.
57
What is the remainder when 474 is divided by 158?
0
What is the remainder when 100 is divided by 45?
10
Calculate the remainder when 72 is divided by 25.
22
Calculate the remainder when 2325 is divided by 94.
69
Calculate the remainder when 1427 is divided by 130.
127
What is the remainder when 196 is divided by 44?
20
What is the remainder when 47 is divided by 11?
3
Calculate the remainder when 66 is divided by 15.
6
What is the remainder when 1577 is divided by 227?
215
Calculate the remainder when 438 is divided by 117.
87
What is the remainder when 373 is divided by 50?
23
What is the remainder when 27 is divided by 26?
1
What is the remainder when 295 is divided by 60?
55
Calculate the remainder when 1918 is divided by 131.
84
What is the remainder when 551 is divided by 82?
59
Calculate the remainder when 1311 is divided by 33.
24
What is the remainder when 517 is divided by 17?
7
Calculate the remainder when 179 is divided by 38.
27
Calculate the remainder when 28 is divided by 28.
0
What is the remainder when 2590 is divided by 55?
5
What is the remainder when 2252 is divided by 68?
8
What is the remainder when 79 is divided by 30?
19
What is the remainder when 6835 is divided by 180?
175
Calculate the remainder when 1969 is divided by 489.
13
What is the remainder when 67 is divided by 20?
7
What is the remainder when 158 is divided by 46?
20
What is the remainder when 414 is divided by 140?
134
What is the remainder when 2473 is divided by 76?
41
Calculate the remainder when 189 is divided by 55.
24
Calculate the remainder when 42 is divided by 13.
3
What is the remainder when 127 is divided by 13?
10
What is the remainder when 119 is divided by 45?
29
Calculate the remainder when 40421 is divided by 326.
323
Calculate the remainder when 538 is divided by 60.
58
What is the remainder when 292 is divided by 36?
4
What is the remainder when 78 is divided by 40?
38
Calculate the remainder when 41 is divided by 4.
1
Calculate the remainder when 1616 is divided by 90.
86
Calculate the remainder when 538 is divided by 18.
16
What is the remainder when 306 is divided by 76?
2
What is the remainder when 459 is divided by 119?
102
Calculate the remainder when 1124 is divided by 15.
14
Calculate the remainder when 47 is divided by 27.
20
What is the remainder when 790 is divided by 66?
64
What is the remainder when 1326 is divided by 166?
164
Calculate the remainder when 64 is divided by 13.
12
What is the remainder when 66 is divided by 23?
20
Calculate the remainder when 54 is divided by 28.
26
Calculate the remainder when 6845 is divided by 21.
20
Calculate the remainder when 260 is divided by 22.
18
Calculate the remainder when 3451 is divided by 6.
1
What is the remainder when 787 is divided by 277?
233
What is the remainder when 2045 is divided by 54?
47
What is the remainder when 225 is divided by 163?
62
Calculate the remainder when 1195 is divided by 27.
7
Calculate the remainder when 847 is divided by 142.
137
What is the remainder when 123 is divided by 82?
41
Calculate the remainder when 2531 is divided by 59.
53
Calculate the remainder when 141 is divided by 48.
45
What is the remainder when 180 is divided by 152?
28
Calculate the remainder when 73 is divided by 2.
1
Calculate the remainder when 389 is divided by 11.
4
Calculate the remainder when 1259 is divided by 16.
11
What is the remainder when 276 is divided by 84?
24
What is the remainder when 1116 is divided by 306?
198
What is the remainder when 144 is divided by 19?
11
What is the remainder when 2591 is divided by 216?
215
Calculate the remainder when 62052 is divided by 21.
18
What is the remainder when 56 is divided by 21?
14
Calculate the remainder when 887 is divided by 201.
83
What is the remainder when 419 is divided by 56?
27
What is the remainder when 692 is divided by 238?
216
Calculate the remainder when 109 is divided by 19.
14
What is the remainder when 935 is divided by 26?
25
Calculate the remainder when 10904 is divided by 15.
14
What is the remainder when 919 is divided by 917?
2
Calculate the remainder when 332 is divided by 42.
38
Calculate the remainder when 53 is divided by 16.
5
What is the remainder when 26 is divided by 14?
12
What is the remainder when 524 is divided by 21?
20
What is the remainder when 1049 is divided by 25?
24
What is the remainder when 774 is divided by 97?
95
What is the remainder when 150 is divided by 25?
0
What is the remainder when 167 is divided by 47?
26
What is the remainder when 308 is divided by 201?
107
What is the remainder when 85 is divided by 6?
1
What is the remainder when 956 is divided by 287?
95
What is the remainder when 2204 is divided by 128?
28
What is the remainder when 2781 is divided by 58?
55
Calculate the remainder when 539 is divided by 39.
32
What is the remainder when 289 is divided by 73?
70
Calculate the remainder when 4798 is divided by 18.
10
Calculate the remainder when 4548 is divided by 8.
4
What is the remainder when 207 is divided by 39?
12
What is the remainder when 12 is divided by 12?
0
Calculate the remainder when 80 is divided by 25.
5
What is the remainder when 48 is divided by 19?
10
Calculate the remainder when 142 is divided by 1.
0
Calculate the remainder when 2078 is divided by 22.
10
Calculate the remainder when 150 is divided by 4.
2
What is the remainder when 4138 is divided by 10?
8
What is the remaind